

{"id":7336,"date":"2025-04-23T17:07:32","date_gmt":"2025-04-23T15:07:32","guid":{"rendered":"https:\/\/blackviewphones.com\/?post_type=product&#038;p=7336"},"modified":"2026-04-28T10:14:37","modified_gmt":"2026-04-28T08:14:37","slug":"estojo-para-coldre-blackview-active-8-pro","status":"publish","type":"product","link":"https:\/\/blackviewphones.com\/pt\/product\/blackview-funda-soporte-active-8-pro-holster\/","title":{"rendered":"Estojo para coldre Blackview Active 8 Pro"},"content":{"rendered":"<h1 data-spm-anchor-id=\"a2g0o.detail.1000016.i4.6bb25b43f3exZP\">Estojo para coldre Blackview Active 8 Pro<\/h1>\n<p data-spm-anchor-id=\"a2g0o.detail.1000016.i4.6bb25b43f3exZP\">Conhe\u00e7a o estojo Blackview Active 8 Pro Holster. Com duas fivelas laterais triangulares para adicionar um cinto e carreg\u00e1-la no ombro ou uma al\u00e7a para facilitar o transporte na m\u00e3o.<\/p>\n<ul>\n<li data-spm-anchor-id=\"a2g0o.detail.1000016.i4.6bb25b43f3exZP\">Compat\u00edvel com: Tablet Blackview Active 8 Pro<\/li>\n<li data-spm-anchor-id=\"a2g0o.detail.1000016.i4.6bb25b43f3exZP\">Cor: Preto com laranja<\/li>\n<li data-spm-anchor-id=\"a2g0o.detail.1000016.i4.6bb25b43f3exZP\">Material: Couro<\/li>\n<li data-spm-anchor-id=\"a2g0o.detail.1000016.i4.6bb25b43f3exZP\">Conte\u00fado: 1 * estojo, 1 * al\u00e7a, 1 * al\u00e7a de ombro<\/li>\n<\/ul>\n<h2>Recursos do coldre Active 8 Pro<\/h2>\n<ul>\n<li>Port\u00e1til<\/li>\n<li>Suporte traseiro<\/li>\n<li>Prote\u00e7\u00e3o de tablet para \u00e1reas externas<\/li>\n<li>Al\u00e7a de ombro ajust\u00e1vel<\/li>\n<li>Frente aberta para f\u00e1cil acesso<\/li>\n<li>Utilidade: Estojo port\u00e1til, como suporte e al\u00e7a de m\u00e3o<\/li>\n<\/ul>","protected":false},"excerpt":{"rendered":"<p>Blackview Funda Soporte Active 8 Pro Holster Conoce la funda soporte Blackview Active 8 Pro Holster. Con dos hebillas triangular lateral para a\u00f1adir cintur\u00f3n y transportar al hombro o un asa para facilitar el transporte con la mano. Compatible con: Tablet Blackview Active 8 Pro Color: Negro con naranja Material: Piel Contenido: 1* Estuche, 1*asa,<\/p>\n<div class=\"klb-readmore entry-button\"><a class=\"btn read-more\" href=\"https:\/\/blackviewphones.com\/pt\/product\/blackview-funda-soporte-active-8-pro-holster\/\">Ler mais<\/a><\/div>","protected":false},"featured_media":7701,"comment_status":"closed","ping_status":"closed","template":"","meta":{"_acf_changed":false},"product_brand":[],"product_cat":[154],"product_tag":[317,310,232],"class_list":{"0":"post-7336","1":"product","2":"type-product","3":"status-publish","4":"has-post-thumbnail","6":"product_cat-accesorios-blackview","7":"product_tag-active-8-pro","8":"product_tag-funda-teclado","9":"product_tag-tablet","11":"first","12":"instock","13":"sale","14":"shipping-taxable","15":"purchasable","16":"product-type-variable","17":"has-default-attributes"},"acf":[],"_links":{"self":[{"href":"https:\/\/blackviewphones.com\/pt\/wp-json\/wp\/v2\/product\/7336","targetHints":{"allow":["GET"]}}],"collection":[{"href":"https:\/\/blackviewphones.com\/pt\/wp-json\/wp\/v2\/product"}],"about":[{"href":"https:\/\/blackviewphones.com\/pt\/wp-json\/wp\/v2\/types\/product"}],"replies":[{"embeddable":true,"href":"https:\/\/blackviewphones.com\/pt\/wp-json\/wp\/v2\/comments?post=7336"}],"version-history":[{"count":0,"href":"https:\/\/blackviewphones.com\/pt\/wp-json\/wp\/v2\/product\/7336\/revisions"}],"wp:featuredmedia":[{"embeddable":true,"href":"https:\/\/blackviewphones.com\/pt\/wp-json\/wp\/v2\/media\/7701"}],"wp:attachment":[{"href":"https:\/\/blackviewphones.com\/pt\/wp-json\/wp\/v2\/media?parent=7336"}],"wp:term":[{"taxonomy":"product_brand","embeddable":true,"href":"https:\/\/blackviewphones.com\/pt\/wp-json\/wp\/v2\/product_brand?post=7336"},{"taxonomy":"product_cat","embeddable":true,"href":"https:\/\/blackviewphones.com\/pt\/wp-json\/wp\/v2\/product_cat?post=7336"},{"taxonomy":"product_tag","embeddable":true,"href":"https:\/\/blackviewphones.com\/pt\/wp-json\/wp\/v2\/product_tag?post=7336"}],"curies":[{"name":"wp","href":"https:\/\/api.w.org\/{rel}","templated":true}]}}

<h1 data-spm-anchor-id="a2g0o.detail.1000016.i4.6bb25b43f3exZP">Estojo para coldre Blackview Active 8 Pro</h1>
<p data-spm-anchor-id="a2g0o.detail.1000016.i4.6bb25b43f3exZP">Conheça o estojo Blackview Active 8 Pro Holster. Com duas fivelas laterais triangulares para adicionar um cinto e carregá-la no ombro ou uma alça para facilitar o transporte na mão.</p>
<ul>
<li data-spm-anchor-id="a2g0o.detail.1000016.i4.6bb25b43f3exZP">Compatível com: Tablet Blackview Active 8 Pro</li>
<li data-spm-anchor-id="a2g0o.detail.1000016.i4.6bb25b43f3exZP">Cor: Preto com laranja</li>
<li data-spm-anchor-id="a2g0o.detail.1000016.i4.6bb25b43f3exZP">Material: Couro</li>
<li data-spm-anchor-id="a2g0o.detail.1000016.i4.6bb25b43f3exZP">Conteúdo: 1 * estojo, 1 * alça, 1 * alça de ombro</li>
</ul>
<h2>Recursos do coldre Active 8 Pro</h2>
<ul>
<li>Portátil</li>
<li>Suporte traseiro</li>
<li>Proteção de tablet para áreas externas</li>
<li>Alça de ombro ajustável</li>
<li>Frente aberta para fácil acesso</li>
<li>Utilidade: Estojo portátil, como suporte e alça de mão</li>
</ul>

<p>Blackview Funda Soporte Active 8 Pro Holster Conoce la funda soporte Blackview Active 8 Pro Holster. Con dos hebillas triangular lateral para añadir cinturón y transportar al hombro o un asa para facilitar el transporte con la mano. Compatible con: Tablet Blackview Active 8 Pro Color: Negro con naranja Material: Piel Contenido: 1* Estuche, 1*asa,</p>
<div class="klb-readmore entry-button"><a class="btn read-more" href="https://blackviewphones.com/pt/product/blackview-funda-soporte-active-8-pro-holster/">Ler mais</a></div>
